{"id":384,"date":"2022-06-28T14:36:39","date_gmt":"2022-06-28T12:36:39","guid":{"rendered":"https:\/\/www.og-bruchertseifen.de\/?page_id=384"},"modified":"2022-06-28T14:36:56","modified_gmt":"2022-06-28T12:36:56","slug":"tag-der-offenen-tuer-am-03-06-2022","status":"publish","type":"page","link":"https:\/\/www.og-bruchertseifen.de\/?page_id=384","title":{"rendered":"Tag der offenen T\u00fcr am 03.06.2022"},"content":{"rendered":"<p><strong>Ortsgemeinde Bruchertseifen | Alle interessierten B\u00fcrger | Bruchertseifen Dorfplatz | 11:00 bis 14:00 Uhr<\/strong><\/p>\n<p>Der Ortsgemeinderat Bruchertseifen l\u00e4dt ein zu einem offenen Informationsaustausch zu den\u00a0 Themen Infrastruktur, Bebauungs-vorhaben und Kommunalwahlen.<\/p>\n<p>Nach einer Begr\u00fc\u00dfung durch den Ortsb\u00fcrgermeister und einer kurzen Vorstellung der\u00a0 Themen wird es verschiedene Stationen geben, an welchen man sich durch den Ortsgemeinderat zu den jeweiligen Themen im Detail informieren lassen und auch gerne mitdiskutieren kann.<\/p>\n<p>Auch werden an diesem Tag an einem separaten Stand Ideen und Themenvorschl\u00e4ge f\u00fcr die Zukunft der Ortsgemeinde entgegen-genommen.<\/p>\n<p>F\u00fcr das leibliche Wohl ist auch gesorgt. Vielen Dank geht an den F\u00f6rderverein<br \/>\ndes FC Kroppacher Schweiz \/ Bruchertseifen.<\/p>\n<p><img loading=\"lazy\" src=\"http:\/\/www.og-bruchertseifen.de\/wp-content\/uploads\/2022\/06\/Tag-der-offenen-Tuer-208x300.jpg\" alt=\"\" class=\"alignnone  wp-image-381\" width=\"494\" height=\"713\" srcset=\"https:\/\/www.og-bruchertseifen.de\/wp-content\/uploads\/2022\/06\/Tag-der-offenen-Tuer-208x300.jpg 208w, https:\/\/www.og-bruchertseifen.de\/wp-content\/uploads\/2022\/06\/Tag-der-offenen-Tuer-709x1024.jpg 709w, https:\/\/www.og-bruchertseifen.de\/wp-content\/uploads\/2022\/06\/Tag-der-offenen-Tuer-768x1110.jpg 768w, https:\/\/www.og-bruchertseifen.de\/wp-content\/uploads\/2022\/06\/Tag-der-offenen-Tuer-1063x1536.jpg 1063w, https:\/\/www.og-bruchertseifen.de\/wp-content\/uploads\/2022\/06\/Tag-der-offenen-Tuer-1418x2048.jpg 1418w, https:\/\/www.og-bruchertseifen.de\/wp-content\/uploads\/2022\/06\/Tag-der-offenen-Tuer.jpg 1500w\" sizes=\"(max-width: 494px) 100vw, 494px\" \/><\/p>\n","protected":false},"excerpt":{"rendered":"<p>Ortsgemeinde Bruchertseifen | Alle interessierten B\u00fcrger | Bruchertseifen Dorfplatz | 11:00 bis 14:00 Uhr Der Ortsgemeinderat Bruchertseifen l\u00e4dt ein zu einem offenen Informationsaustausch zu den\u00a0 Themen Infrastruktur, Bebauungs-vorhaben und Kommunalwahlen. Nach einer Begr\u00fc\u00dfung durch den Ortsb\u00fcrgermeister und einer kurzen Vorstellung der\u00a0 Themen wird es verschiedene Stationen geben, an welchen man [&hellip;]<\/p>\n","protected":false},"author":3,"featured_media":0,"parent":0,"menu_order":0,"comment_status":"closed","ping_status":"closed","template":"","meta":[],"yoast_head":"<!-- This site is optimized with the Yoast SEO plugin v16.4 - https:\/\/yoast.com\/wordpress\/plugins\/seo\/ -->\n<title>Tag der offenen T\u00fcr am 03.06.2022 &ndash; Ortsgemeinde Bruchertseifen<\/title>\n<meta name=\"robots\" content=\"index, follow, max-snippet:-1, max-image-preview:large, max-video-preview:-1\" \/>\n<link rel=\"canonical\" href=\"https:\/\/www.og-bruchertseifen.de\/?page_id=384\" \/>\n<meta property=\"og:locale\" content=\"de_DE\" \/>\n<meta property=\"og:type\" content=\"article\" \/>\n<meta property=\"og:title\" content=\"Tag der offenen T\u00fcr am 03.06.2022 &ndash; Ortsgemeinde Bruchertseifen\" \/>\n<meta property=\"og:description\" content=\"Ortsgemeinde Bruchertseifen | Alle interessierten B\u00fcrger | Bruchertseifen Dorfplatz | 11:00 bis 14:00 Uhr Der Ortsgemeinderat Bruchertseifen l\u00e4dt ein zu einem offenen Informationsaustausch zu den\u00a0 Themen Infrastruktur, Bebauungs-vorhaben und Kommunalwahlen. Nach einer Begr\u00fc\u00dfung durch den Ortsb\u00fcrgermeister und einer kurzen Vorstellung der\u00a0 Themen wird es verschiedene Stationen geben, an welchen man [&hellip;]\" \/>\n<meta property=\"og:url\" content=\"https:\/\/www.og-bruchertseifen.de\/?page_id=384\" \/>\n<meta property=\"og:site_name\" content=\"Ortsgemeinde Bruchertseifen\" \/>\n<meta property=\"article:modified_time\" content=\"2022-06-28T12:36:56+00:00\" \/>\n<meta property=\"og:image\" content=\"http:\/\/www.og-bruchertseifen.de\/wp-content\/uploads\/2022\/06\/Tag-der-offenen-Tuer-208x300.jpg\" \/>\n<meta name=\"twitter:card\" content=\"summary_large_image\" \/>\n<meta name=\"twitter:label1\" content=\"Gesch\u00e4tzte Lesezeit\" \/>\n\t<meta name=\"twitter:data1\" content=\"1 Minute\" \/>\n<script type=\"application\/ld+json\" class=\"yoast-schema-graph\">{\"@context\":\"https:\/\/schema.org\",\"@graph\":[{\"@type\":\"Organization\",\"@id\":\"https:\/\/www.og-bruchertseifen.de\/#organization\",\"name\":\"Ortsgemeinde Bruchertsifen\",\"url\":\"https:\/\/www.og-bruchertseifen.de\/\",\"sameAs\":[\"https:\/\/de.wikipedia.org\/wiki\/Bruchertseifen\"],\"logo\":{\"@type\":\"ImageObject\",\"@id\":\"https:\/\/www.og-bruchertseifen.de\/#logo\",\"inLanguage\":\"de-DE\",\"url\":\"https:\/\/www.og-bruchertseifen.de\/wp-content\/uploads\/2016\/10\/cropped-wappen_bruchertseifen-1.jpg\",\"contentUrl\":\"https:\/\/www.og-bruchertseifen.de\/wp-content\/uploads\/2016\/10\/cropped-wappen_bruchertseifen-1.jpg\",\"width\":400,\"height\":471,\"caption\":\"Ortsgemeinde Bruchertsifen\"},\"image\":{\"@id\":\"https:\/\/www.og-bruchertseifen.de\/#logo\"}},{\"@type\":\"WebSite\",\"@id\":\"https:\/\/www.og-bruchertseifen.de\/#website\",\"url\":\"https:\/\/www.og-bruchertseifen.de\/\",\"name\":\"Ortsgemeinde Bruchertseifen\",\"description\":\"Kreis Altenkirchen\",\"publisher\":{\"@id\":\"https:\/\/www.og-bruchertseifen.de\/#organization\"},\"potentialAction\":[{\"@type\":\"SearchAction\",\"target\":\"https:\/\/www.og-bruchertseifen.de\/?s={search_term_string}\",\"query-input\":\"required name=search_term_string\"}],\"inLanguage\":\"de-DE\"},{\"@type\":\"ImageObject\",\"@id\":\"https:\/\/www.og-bruchertseifen.de\/?page_id=384#primaryimage\",\"inLanguage\":\"de-DE\",\"url\":\"http:\/\/www.og-bruchertseifen.de\/wp-content\/uploads\/2022\/06\/Tag-der-offenen-Tuer-208x300.jpg\",\"contentUrl\":\"http:\/\/www.og-bruchertseifen.de\/wp-content\/uploads\/2022\/06\/Tag-der-offenen-Tuer-208x300.jpg\"},{\"@type\":\"WebPage\",\"@id\":\"https:\/\/www.og-bruchertseifen.de\/?page_id=384#webpage\",\"url\":\"https:\/\/www.og-bruchertseifen.de\/?page_id=384\",\"name\":\"Tag der offenen T\\u00fcr am 03.06.2022 &ndash; Ortsgemeinde Bruchertseifen\",\"isPartOf\":{\"@id\":\"https:\/\/www.og-bruchertseifen.de\/#website\"},\"primaryImageOfPage\":{\"@id\":\"https:\/\/www.og-bruchertseifen.de\/?page_id=384#primaryimage\"},\"datePublished\":\"2022-06-28T12:36:39+00:00\",\"dateModified\":\"2022-06-28T12:36:56+00:00\",\"breadcrumb\":{\"@id\":\"https:\/\/www.og-bruchertseifen.de\/?page_id=384#breadcrumb\"},\"inLanguage\":\"de-DE\",\"potentialAction\":[{\"@type\":\"ReadAction\",\"target\":[\"https:\/\/www.og-bruchertseifen.de\/?page_id=384\"]}]},{\"@type\":\"BreadcrumbList\",\"@id\":\"https:\/\/www.og-bruchertseifen.de\/?page_id=384#breadcrumb\",\"itemListElement\":[{\"@type\":\"ListItem\",\"position\":1,\"item\":{\"@type\":\"WebPage\",\"@id\":\"https:\/\/www.og-bruchertseifen.de\/\",\"url\":\"https:\/\/www.og-bruchertseifen.de\/\",\"name\":\"Startseite\"}},{\"@type\":\"ListItem\",\"position\":2,\"item\":{\"@id\":\"https:\/\/www.og-bruchertseifen.de\/?page_id=384#webpage\"}}]}]}<\/script>\n<!-- \/ Yoast SEO plugin. -->","_links":{"self":[{"href":"https:\/\/www.og-bruchertseifen.de\/index.php?rest_route=\/wp\/v2\/pages\/384"}],"collection":[{"href":"https:\/\/www.og-bruchertseifen.de\/index.php?rest_route=\/wp\/v2\/pages"}],"about":[{"href":"https:\/\/www.og-bruchertseifen.de\/index.php?rest_route=\/wp\/v2\/types\/page"}],"author":[{"embeddable":true,"href":"https:\/\/www.og-bruchertseifen.de\/index.php?rest_route=\/wp\/v2\/users\/3"}],"replies":[{"embeddable":true,"href":"https:\/\/www.og-bruchertseifen.de\/index.php?rest_route=%2Fwp%2Fv2%2Fcomments&post=384"}],"version-history":[{"count":2,"href":"https:\/\/www.og-bruchertseifen.de\/index.php?rest_route=\/wp\/v2\/pages\/384\/revisions"}],"predecessor-version":[{"id":386,"href":"https:\/\/www.og-bruchertseifen.de\/index.php?rest_route=\/wp\/v2\/pages\/384\/revisions\/386"}],"wp:attachment":[{"href":"https:\/\/www.og-bruchertseifen.de\/index.php?rest_route=%2Fwp%2Fv2%2Fmedia&parent=384"}],"curies":[{"name":"wp","href":"https:\/\/api.w.org\/{rel}","templated":true}]}}