{"id":45,"date":"2016-10-10T18:32:39","date_gmt":"2016-10-10T16:32:39","guid":{"rendered":"http:\/\/localhost\/?page_id=45"},"modified":"2021-06-10T20:15:48","modified_gmt":"2021-06-10T18:15:48","slug":"geselligkeit","status":"publish","type":"page","link":"https:\/\/www.og-bruchertseifen.de\/?page_id=45","title":{"rendered":"Gemeindeleben"},"content":{"rendered":"<div id=\"pl-45\"  class=\"panel-layout\" ><div id=\"pg-45-0\"  class=\"panel-grid panel-no-style\" ><div id=\"pgc-45-0-0\"  class=\"panel-grid-cell\" ><div id=\"panel-45-0-0-0\" class=\"so-panel widget widget_siteorigin-panels-builder panel-first-child panel-last-child\" data-index=\"0\" ><div id=\"pl-w5fb6ae15764a6\"  class=\"panel-layout\" ><div id=\"pg-w5fb6ae15764a6-0\"  class=\"panel-grid panel-no-style\" ><div id=\"pgc-w5fb6ae15764a6-0-0\"  class=\"panel-grid-cell\" ><div id=\"panel-w5fb6ae15764a6-0-0-0\" class=\"so-panel widget widget_sow-editor panel-first-child\" data-index=\"0\" ><div class=\"so-widget-sow-editor so-widget-sow-editor-base\"><h3 class=\"widget-title\">Sport<\/h3>\n<div class=\"siteorigin-widget-tinymce textwidget\">\n\t<p><img loading=\"lazy\" class=\"alignnone size-medium wp-image-241\" src=\"http:\/\/www.og-bruchertseifen.de\/wp-content\/uploads\/2020\/11\/sportplatz_7029-300x71.jpg\" alt=\"\" width=\"300\" height=\"71\" srcset=\"https:\/\/www.og-bruchertseifen.de\/wp-content\/uploads\/2020\/11\/sportplatz_7029-300x71.jpg 300w, https:\/\/www.og-bruchertseifen.de\/wp-content\/uploads\/2020\/11\/sportplatz_7029.jpg 530w\" sizes=\"(max-width: 300px) 100vw, 300px\" \/><\/p>\n<p>Der \u201eFC Kroppacher Schweiz Bruchertseifen e.V.\u201c (<a href=\"http:\/\/www.fc-bruchertseifen.de\/\">www.fc-bruchertseifen.de<\/a>) ist f\u00fcr den sportlichen Teil im Dorf verantwortlich und sorgt mit einem breiten dar\u00fcber hinaus gehenden Angebot wie der Ausrichtung des \u201eDorffestes\u201c, der \u201eSportwoche\u201c, \u201eMaifeier\u201c, \u201eMartinsumzug\u201c, \u201eWeihnachtsfeiern\u201c und so weiter auch f\u00fcr viel Geselligkeit im Dorf.<\/p>\n<\/div>\n<\/div><\/div><div id=\"panel-w5fb6ae15764a6-0-0-1\" class=\"so-panel widget widget_sow-editor\" data-index=\"1\" ><div class=\"so-widget-sow-editor so-widget-sow-editor-base\"><h3 class=\"widget-title\">Oktoberfestverein<\/h3>\n<div class=\"siteorigin-widget-tinymce textwidget\">\n\t<p><img loading=\"lazy\" class=\"alignnone size-medium wp-image-242\" src=\"http:\/\/www.og-bruchertseifen.de\/wp-content\/uploads\/2020\/11\/oktoberfestfreunde_8504-300x98.jpg\" alt=\"\" width=\"300\" height=\"98\" srcset=\"https:\/\/www.og-bruchertseifen.de\/wp-content\/uploads\/2020\/11\/oktoberfestfreunde_8504-300x98.jpg 300w, https:\/\/www.og-bruchertseifen.de\/wp-content\/uploads\/2020\/11\/oktoberfestfreunde_8504.jpg 530w\" sizes=\"(max-width: 300px) 100vw, 300px\" \/><\/p>\n<p>Der Oktoberfestverein richtet allj\u00e4hrlich das sehr gut besuchte und wunderbare \u201eBruchertseifener Oktoberfest\u201c aus. Dort spielen dann die \u201eDicken Backen\u201c der Stadt- und Feuerwehrkapelle Wissen\/Sieg (<a href=\"http:\/\/www.feuerwehrkapelle-wissen.de\">http:\/\/www.feuerwehrkapelle-wissen.de<\/a>) z\u00fcnftig f\u00fcr jung und alt auf und auch f\u00fcr das leibliche Wohl mit deftigem Essen und Trinken ist in super Atmosph\u00e4re bestens gesorgt.<\/p>\n<\/div>\n<\/div><\/div><div id=\"panel-w5fb6ae15764a6-0-0-2\" class=\"so-panel widget widget_sow-editor\" data-index=\"2\" ><div class=\"so-widget-sow-editor so-widget-sow-editor-base\"><h3 class=\"widget-title\">Landwirtschaft<\/h3>\n<div class=\"siteorigin-widget-tinymce textwidget\">\n\t<p><img loading=\"lazy\" class=\"alignnone size-medium wp-image-243\" src=\"http:\/\/www.og-bruchertseifen.de\/wp-content\/uploads\/2020\/11\/grosseltern_nell-300x96.jpg\" alt=\"\" width=\"300\" height=\"96\" srcset=\"https:\/\/www.og-bruchertseifen.de\/wp-content\/uploads\/2020\/11\/grosseltern_nell-300x96.jpg 300w, https:\/\/www.og-bruchertseifen.de\/wp-content\/uploads\/2020\/11\/grosseltern_nell.jpg 530w\" sizes=\"(max-width: 300px) 100vw, 300px\" \/><\/p>\n<p>Fr\u00fcher war die Gemeinde stark von der Landwirtschaft gepr\u00e4gt. So hatte einst fast jedes Haus in der Landwirtschaft zumindest einen Nebenerwerb. Heute gibt es lediglich noch einen Haupterwerbslandwirt, 1 Nebenerwerbslandwirt sowie 2 Sch\u00e4fereien.<\/p>\n<\/div>\n<\/div><\/div><div id=\"panel-w5fb6ae15764a6-0-0-3\" class=\"so-panel widget widget_sow-editor\" data-index=\"3\" ><div class=\"so-widget-sow-editor so-widget-sow-editor-base\"><h3 class=\"widget-title\">Kirche und Glauben<\/h3>\n<div class=\"siteorigin-widget-tinymce textwidget\">\n\t<p>Die Gemeinde Bruchertseifen beheimatete fr\u00fcher mit Ausnahme der katholischen Familie Stahl lediglich evangelische Christen, welche je nach Wohnort zu den Kirchengemeinden Hamm (<a href=\"http:\/\/www.evangelisch-in-hamm.de\">www.evangelisch-in-hamm.de<\/a>) oder Hilgenroth geh\u00f6rten. Heute hat sich das Bild durch Zuzug, Heirat und die Einwohner des Neubaugebiets ge\u00e4ndert und die Katholiken (<a href=\"http:\/\/www.wwkirchehamm-sieg.de\">www.wwkirchehamm-sieg.de<\/a>) sind nicht mehr so arg in der Minderzahl. Doch Probleme wegen der Konfession waren in Bruchertseifen noch nie Gang und Gebe. So befindet sich heute in der alten Schule auch das \u201eMissionswerk Christus Zentral e.V.\u201c (<a href=\"http:\/\/www.christus-central.de\">www.christus-central.de<\/a>), welches zu diversen Veranstaltungen einl\u00e4dt und das alte Schulgeb\u00e4ude wunderbar erh\u00e4lt.<\/p>\n<\/div>\n<\/div><\/div><div id=\"panel-w5fb6ae15764a6-0-0-4\" class=\"so-panel widget widget_sow-editor\" data-index=\"4\" ><div class=\"so-widget-sow-editor so-widget-sow-editor-base\"><h3 class=\"widget-title\">Kunst und Kultur<\/h3>\n<div class=\"siteorigin-widget-tinymce textwidget\">\n\t<p>In fr\u00fcherer Zeit war der <strong>Gesangverein <\/strong>einmal alleiniger Tr\u00e4ger des Vereinslebens, doch leider gibt es diesen heute u.a. aufgrund fehlenden Nachwuchses nicht mehr. Dennoch wird auch heute noch von den \u00e4lteren Bruchertseifenern gerne der alten Zeiten und Feste gedacht.<\/p>\n<p>Aber auch ohne den Gesangverein ist Bruchertseifen nicht von jeglicher Kunst und Kultur verlassen, denn lange Jahre konnte Bruchertseifen dem Schriftsteller und Drehbuchautor <strong>Klaus-Peter Wolf<\/strong> Heimat und Arbeitsraum bieten. Vielen ist er unvergessen, wie er an seinen Werken arbeitend, mit Hund und Diktierger\u00e4t durchs Dorf spazierte.<\/p>\n<p>Der heute in Oldenburg lebende <strong>G\u00fcnter Heuzeroth<\/strong>\u00a0ist auch ein \u201eBruchertseifer Jung\u201c und hat einige B\u00fccher und Schriften mit Bezug zur Heimat und Heimatkunde herausgegeben. Er besucht immer wieder gerne seine alte Heimat und l\u00e4sst es sich nicht nehmen, an dem ein oder anderen Jubil\u00e4um alter Freunde teilzunehmen.<\/p>\n<p>Aber dar\u00fcber hinaus beheimatet Bruchertseifen auch den Bildhauer <strong>Arnold Morkramer<\/strong>, welcher bei der Gestaltung unseres wundersch\u00f6nen Dorfbrunnens mitwirkte und durch zahlreiche kirchliche Arbeiten bekannt wurde.<\/p>\n<\/div>\n<\/div><\/div><div id=\"panel-w5fb6ae15764a6-0-0-5\" class=\"so-panel widget widget_sow-editor\" data-index=\"5\" ><div class=\"so-widget-sow-editor so-widget-sow-editor-base\"><h3 class=\"widget-title\">Treckerfreunde<\/h3>\n<div class=\"siteorigin-widget-tinymce textwidget\">\n\t<p><img loading=\"lazy\" class=\"alignnone size-medium wp-image-244\" src=\"http:\/\/www.og-bruchertseifen.de\/wp-content\/uploads\/2020\/11\/treckerfreunde_01-300x106.jpg\" alt=\"\" width=\"300\" height=\"106\" srcset=\"https:\/\/www.og-bruchertseifen.de\/wp-content\/uploads\/2020\/11\/treckerfreunde_01-300x106.jpg 300w, https:\/\/www.og-bruchertseifen.de\/wp-content\/uploads\/2020\/11\/treckerfreunde_01.jpg 530w\" sizes=\"(max-width: 300px) 100vw, 300px\" \/><\/p>\n<p>Die Treckerfreunde Bruchertseifen widmen sich liebevoll ihren alten Sch\u00e4tzchen, veranstalteten schon so manches und bringen sich auch sonst in die Gemeinschaft ein.<\/p>\n<\/div>\n<\/div><\/div><div id=\"panel-w5fb6ae15764a6-0-0-6\" class=\"so-panel widget widget_sow-editor\" data-index=\"6\" ><div class=\"so-widget-sow-editor so-widget-sow-editor-base\"><h3 class=\"widget-title\">Privates Engagement<\/h3>\n<div class=\"siteorigin-widget-tinymce textwidget\">\n\t<p>Dar\u00fcber hinaus gibt es noch einige weitere Gr\u00fcppchen und Aktivit\u00e4ten, wie Kegelclubs, Stra\u00dfenfest oder einfach ungezwungene nachbarschaftliche Aktivit\u00e4ten.<\/p>\n<\/div>\n<\/div><\/div><div id=\"panel-w5fb6ae15764a6-0-0-7\" class=\"so-panel widget widget_sow-editor panel-last-child\" data-index=\"7\" ><div class=\"so-widget-sow-editor so-widget-sow-editor-base\"><h3 class=\"widget-title\">Lokalit\u00e4ten<\/h3>\n<div class=\"siteorigin-widget-tinymce textwidget\">\n\t<p><img loading=\"lazy\" class=\"alignnone size-medium wp-image-245\" src=\"http:\/\/www.og-bruchertseifen.de\/wp-content\/uploads\/2020\/11\/dorfplatz_7011-300x98.jpg\" alt=\"\" width=\"300\" height=\"98\" srcset=\"https:\/\/www.og-bruchertseifen.de\/wp-content\/uploads\/2020\/11\/dorfplatz_7011-300x98.jpg 300w, https:\/\/www.og-bruchertseifen.de\/wp-content\/uploads\/2020\/11\/dorfplatz_7011.jpg 530w\" sizes=\"(max-width: 300px) 100vw, 300px\" \/><\/p>\n<p>F\u00fcr die verschiedenen Veranstaltungen stehen ein mitten im Dorf gelegener Dorfplatz mit Brunnen und Schutzh\u00fctte, Sportplatz mit Rasenplatz, Vereinsheim und Grillh\u00fctte zur Verf\u00fcgung. Dar\u00fcber hinaus gibt es nat\u00fcrlich auch einen Kinderspielplatz, Wanderm\u00f6glichkeiten, Ruheb\u00e4nke und Friedhof.<\/p>\n<\/div>\n<\/div><\/div><\/div><\/div><\/div><\/div><\/div><\/div><\/div>","protected":false},"excerpt":{"rendered":"<p>Sport Der \u201eFC Kroppacher Schweiz Bruchertseifen e.V.\u201c (www.fc-bruchertseifen.de) ist f\u00fcr den sportlichen Teil im Dorf verantwortlich und sorgt mit einem breiten dar\u00fcber hinaus gehenden Angebot wie der Ausrichtung des \u201eDorffestes\u201c, der \u201eSportwoche\u201c, \u201eMaifeier\u201c, \u201eMartinsumzug\u201c, \u201eWeihnachtsfeiern\u201c und so weiter auch f\u00fcr viel Geselligkeit im Dorf. Oktoberfestverein Der Oktoberfestverein richtet allj\u00e4hrlich das [&hellip;]<\/p>\n","protected":false},"author":1,"featured_media":141,"parent":42,"menu_order":4,"comment_status":"closed","ping_status":"closed","template":"","meta":[],"yoast_head":"<!-- This site is optimized with the Yoast SEO plugin v16.4 - https:\/\/yoast.com\/wordpress\/plugins\/seo\/ -->\n<title>Gemeindeleben &ndash; Ortsgemeinde Bruchertseifen<\/title>\n<meta name=\"robots\" content=\"index, follow, max-snippet:-1, max-image-preview:large, max-video-preview:-1\" \/>\n<link rel=\"canonical\" href=\"https:\/\/www.og-bruchertseifen.de\/?page_id=45\" \/>\n<meta property=\"og:locale\" content=\"de_DE\" \/>\n<meta property=\"og:type\" content=\"article\" \/>\n<meta property=\"og:title\" content=\"Gemeindeleben &ndash; Ortsgemeinde Bruchertseifen\" \/>\n<meta property=\"og:description\" content=\"Sport Der \u201eFC Kroppacher Schweiz Bruchertseifen e.V.\u201c (www.fc-bruchertseifen.de) ist f\u00fcr den sportlichen Teil im Dorf verantwortlich und sorgt mit einem breiten dar\u00fcber hinaus gehenden Angebot wie der Ausrichtung des \u201eDorffestes\u201c, der \u201eSportwoche\u201c, \u201eMaifeier\u201c, \u201eMartinsumzug\u201c, \u201eWeihnachtsfeiern\u201c und so weiter auch f\u00fcr viel Geselligkeit im Dorf. Oktoberfestverein Der Oktoberfestverein richtet allj\u00e4hrlich das [&hellip;]\" \/>\n<meta property=\"og:url\" content=\"https:\/\/www.og-bruchertseifen.de\/?page_id=45\" \/>\n<meta property=\"og:site_name\" content=\"Ortsgemeinde Bruchertseifen\" \/>\n<meta property=\"article:modified_time\" content=\"2021-06-10T18:15:48+00:00\" \/>\n<meta property=\"og:image\" content=\"http:\/\/www.og-bruchertseifen.de\/wp-content\/uploads\/2017\/03\/Dorfstra\u00dfe-Bruchertseifen-1961-001.jpg\" \/>\n\t<meta property=\"og:image:width\" content=\"3546\" \/>\n\t<meta property=\"og:image:height\" content=\"2391\" \/>\n<meta name=\"twitter:card\" content=\"summary_large_image\" \/>\n<meta name=\"twitter:label1\" content=\"Gesch\u00e4tzte Lesezeit\" \/>\n\t<meta name=\"twitter:data1\" content=\"3 Minuten\" \/>\n<script type=\"application\/ld+json\" class=\"yoast-schema-graph\">{\"@context\":\"https:\/\/schema.org\",\"@graph\":[{\"@type\":\"Organization\",\"@id\":\"https:\/\/www.og-bruchertseifen.de\/#organization\",\"name\":\"Ortsgemeinde Bruchertsifen\",\"url\":\"https:\/\/www.og-bruchertseifen.de\/\",\"sameAs\":[\"https:\/\/de.wikipedia.org\/wiki\/Bruchertseifen\"],\"logo\":{\"@type\":\"ImageObject\",\"@id\":\"https:\/\/www.og-bruchertseifen.de\/#logo\",\"inLanguage\":\"de-DE\",\"url\":\"https:\/\/www.og-bruchertseifen.de\/wp-content\/uploads\/2016\/10\/cropped-wappen_bruchertseifen-1.jpg\",\"contentUrl\":\"https:\/\/www.og-bruchertseifen.de\/wp-content\/uploads\/2016\/10\/cropped-wappen_bruchertseifen-1.jpg\",\"width\":400,\"height\":471,\"caption\":\"Ortsgemeinde Bruchertsifen\"},\"image\":{\"@id\":\"https:\/\/www.og-bruchertseifen.de\/#logo\"}},{\"@type\":\"WebSite\",\"@id\":\"https:\/\/www.og-bruchertseifen.de\/#website\",\"url\":\"https:\/\/www.og-bruchertseifen.de\/\",\"name\":\"Ortsgemeinde Bruchertseifen\",\"description\":\"Kreis Altenkirchen\",\"publisher\":{\"@id\":\"https:\/\/www.og-bruchertseifen.de\/#organization\"},\"potentialAction\":[{\"@type\":\"SearchAction\",\"target\":\"https:\/\/www.og-bruchertseifen.de\/?s={search_term_string}\",\"query-input\":\"required name=search_term_string\"}],\"inLanguage\":\"de-DE\"},{\"@type\":\"ImageObject\",\"@id\":\"https:\/\/www.og-bruchertseifen.de\/?page_id=45#primaryimage\",\"inLanguage\":\"de-DE\",\"url\":\"https:\/\/www.og-bruchertseifen.de\/wp-content\/uploads\/2017\/03\/Dorfstra\\u00dfe-Bruchertseifen-1961-001.jpg\",\"contentUrl\":\"https:\/\/www.og-bruchertseifen.de\/wp-content\/uploads\/2017\/03\/Dorfstra\\u00dfe-Bruchertseifen-1961-001.jpg\",\"width\":3546,\"height\":2391},{\"@type\":\"WebPage\",\"@id\":\"https:\/\/www.og-bruchertseifen.de\/?page_id=45#webpage\",\"url\":\"https:\/\/www.og-bruchertseifen.de\/?page_id=45\",\"name\":\"Gemeindeleben &ndash; Ortsgemeinde Bruchertseifen\",\"isPartOf\":{\"@id\":\"https:\/\/www.og-bruchertseifen.de\/#website\"},\"primaryImageOfPage\":{\"@id\":\"https:\/\/www.og-bruchertseifen.de\/?page_id=45#primaryimage\"},\"datePublished\":\"2016-10-10T16:32:39+00:00\",\"dateModified\":\"2021-06-10T18:15:48+00:00\",\"breadcrumb\":{\"@id\":\"https:\/\/www.og-bruchertseifen.de\/?page_id=45#breadcrumb\"},\"inLanguage\":\"de-DE\",\"potentialAction\":[{\"@type\":\"ReadAction\",\"target\":[\"https:\/\/www.og-bruchertseifen.de\/?page_id=45\"]}]},{\"@type\":\"BreadcrumbList\",\"@id\":\"https:\/\/www.og-bruchertseifen.de\/?page_id=45#breadcrumb\",\"itemListElement\":[{\"@type\":\"ListItem\",\"position\":1,\"item\":{\"@type\":\"WebPage\",\"@id\":\"https:\/\/www.og-bruchertseifen.de\/\",\"url\":\"https:\/\/www.og-bruchertseifen.de\/\",\"name\":\"Startseite\"}},{\"@type\":\"ListItem\",\"position\":2,\"item\":{\"@type\":\"WebPage\",\"@id\":\"https:\/\/www.og-bruchertseifen.de\/?page_id=42\",\"url\":\"https:\/\/www.og-bruchertseifen.de\/?page_id=42\",\"name\":\"Home\"}},{\"@type\":\"ListItem\",\"position\":3,\"item\":{\"@id\":\"https:\/\/www.og-bruchertseifen.de\/?page_id=45#webpage\"}}]}]}<\/script>\n<!-- \/ Yoast SEO plugin. -->","_links":{"self":[{"href":"https:\/\/www.og-bruchertseifen.de\/index.php?rest_route=\/wp\/v2\/pages\/45"}],"collection":[{"href":"https:\/\/www.og-bruchertseifen.de\/index.php?rest_route=\/wp\/v2\/pages"}],"about":[{"href":"https:\/\/www.og-bruchertseifen.de\/index.php?rest_route=\/wp\/v2\/types\/page"}],"author":[{"embeddable":true,"href":"https:\/\/www.og-bruchertseifen.de\/index.php?rest_route=\/wp\/v2\/users\/1"}],"replies":[{"embeddable":true,"href":"https:\/\/www.og-bruchertseifen.de\/index.php?rest_route=%2Fwp%2Fv2%2Fcomments&post=45"}],"version-history":[{"count":3,"href":"https:\/\/www.og-bruchertseifen.de\/index.php?rest_route=\/wp\/v2\/pages\/45\/revisions"}],"predecessor-version":[{"id":370,"href":"https:\/\/www.og-bruchertseifen.de\/index.php?rest_route=\/wp\/v2\/pages\/45\/revisions\/370"}],"up":[{"embeddable":true,"href":"https:\/\/www.og-bruchertseifen.de\/index.php?rest_route=\/wp\/v2\/pages\/42"}],"wp:featuredmedia":[{"embeddable":true,"href":"https:\/\/www.og-bruchertseifen.de\/index.php?rest_route=\/wp\/v2\/media\/141"}],"wp:attachment":[{"href":"https:\/\/www.og-bruchertseifen.de\/index.php?rest_route=%2Fwp%2Fv2%2Fmedia&parent=45"}],"curies":[{"name":"wp","href":"https:\/\/api.w.org\/{rel}","templated":true}]}}