{"id":5,"date":"2016-09-16T14:20:53","date_gmt":"2016-09-16T12:20:53","guid":{"rendered":"http:\/\/localhost\/?page_id=5"},"modified":"2022-10-18T11:05:25","modified_gmt":"2022-10-18T09:05:25","slug":"herzlich-willkommen-in-der-ortsgemeinde-bruchertseifen","status":"publish","type":"page","link":"https:\/\/www.og-bruchertseifen.de\/","title":{"rendered":"Herzlich Willkommen in der Ortsgemeinde Bruchertseifen!"},"content":{"rendered":"<div id=\"pl-5\" class=\"panel-layout\">\n<div id=\"pg-5-0\" class=\"panel-grid panel-no-style\" data-style=\"{&quot;background_display&quot;:&quot;tile&quot;}\">\n<div id=\"pgc-5-0-0\" class=\"panel-grid-cell panel-grid-cell-mobile-last\" data-weight=\"0.66734508708843\">\n<div id=\"panel-5-0-0-0\" class=\"so-panel widget widget_sow-editor panel-first-child panel-last-child\" data-index=\"0\" data-style=\"{&quot;background_image_attachment&quot;:false,&quot;background_display&quot;:&quot;tile&quot;}\">\n<div class=\"so-widget-sow-editor so-widget-sow-editor-base\">\n<div class=\"siteorigin-widget-tinymce textwidget\" style=\"text-align: center;\"><span style=\"font-size: inherit;\">Wir freuen uns, Sie auf den Internetseiten unserer Ortsgemeinde begr\u00fc\u00dfen zu d\u00fcrfen.<\/span><\/div>\n<div style=\"text-align: center;\"><\/div>\n<div class=\"siteorigin-widget-tinymce textwidget\" style=\"text-align: center;\">Den Einwohnerinnen und Einwohnern der Ortsgemeinde Bruchertseifen w\u00fcnschen wir viel Spa\u00df und Freude bei dem elektronischen Blick auf ihr Dorf. Dar\u00fcber hinaus w\u00fcnschen wir den Einheimischen ebenso wie allen Nachbarn, Freunden und G\u00e4sten, dass Sie viel Interessantes und Wissenswertes \u00fcber unser Dorf erfahren, Lust bekommen unser Dorf und unsere Veranstaltungen zu besuchen oder sich dazu entscheiden, hier bei uns im sch\u00f6nen Westerwald heimisch zu werden.<\/div>\n<\/div>\n<\/div>\n<div id=\"panel-5-0-0-0\" class=\"so-panel widget widget_sow-editor panel-first-child panel-last-child\" data-index=\"0\" data-style=\"{&quot;background_image_attachment&quot;:false,&quot;background_display&quot;:&quot;tile&quot;}\">\n<div class=\"so-widget-sow-editor so-widget-sow-editor-base\">\n<div style=\"text-align: center;\"><\/div>\n<div class=\"siteorigin-widget-tinymce textwidget\" style=\"text-align: center;\">Daher d\u00fcrfen wir Sie herzlich dazu einladen, in Ruhe in unseren Internetseiten zu st\u00f6bern und zu bl\u00e4ttern. Ganz besonders m\u00f6chten wir allen G\u00e4sten die Rubriken Geselligkeit sowie Wohnen und Bauen ans Herz legen, denn Eines sei Ihnen versichert, bei uns lebt es sich gut!<\/div>\n<\/div>\n<\/div>\n<\/div>\n<\/div>\n<\/div>\n","protected":false},"excerpt":{"rendered":"<p>Wir freuen uns, Sie auf den Internetseiten unserer Ortsgemeinde begr\u00fc\u00dfen zu d\u00fcrfen. Den Einwohnerinnen und Einwohnern der Ortsgemeinde Bruchertseifen w\u00fcnschen wir viel Spa\u00df und Freude bei dem elektronischen Blick auf ihr Dorf. Dar\u00fcber hinaus w\u00fcnschen wir den Einheimischen ebenso wie allen Nachbarn, Freunden und G\u00e4sten, dass Sie viel Interessantes und [&hellip;]<\/p>\n","protected":false},"author":1,"featured_media":393,"parent":42,"menu_order":1,"comment_status":"closed","ping_status":"closed","template":"","meta":[],"yoast_head":"<!-- This site is optimized with the Yoast SEO plugin v16.4 - https:\/\/yoast.com\/wordpress\/plugins\/seo\/ -->\n<title>Herzlich Willkommen in der Ortsgemeinde Bruchertseifen! &ndash; Ortsgemeinde Bruchertseifen<\/title>\n<meta name=\"robots\" content=\"index, follow, max-snippet:-1, max-image-preview:large, max-video-preview:-1\" \/>\n<link rel=\"canonical\" href=\"https:\/\/www.og-bruchertseifen.de\/\" \/>\n<meta property=\"og:locale\" content=\"de_DE\" \/>\n<meta property=\"og:type\" content=\"article\" \/>\n<meta property=\"og:title\" content=\"Herzlich Willkommen in der Ortsgemeinde Bruchertseifen! &ndash; Ortsgemeinde Bruchertseifen\" \/>\n<meta property=\"og:description\" content=\"Wir freuen uns, Sie auf den Internetseiten unserer Ortsgemeinde begr\u00fc\u00dfen zu d\u00fcrfen. Den Einwohnerinnen und Einwohnern der Ortsgemeinde Bruchertseifen w\u00fcnschen wir viel Spa\u00df und Freude bei dem elektronischen Blick auf ihr Dorf. Dar\u00fcber hinaus w\u00fcnschen wir den Einheimischen ebenso wie allen Nachbarn, Freunden und G\u00e4sten, dass Sie viel Interessantes und [&hellip;]\" \/>\n<meta property=\"og:url\" content=\"https:\/\/www.og-bruchertseifen.de\/\" \/>\n<meta property=\"og:site_name\" content=\"Ortsgemeinde Bruchertseifen\" \/>\n<meta property=\"article:modified_time\" content=\"2022-10-18T09:05:25+00:00\" \/>\n<meta name=\"twitter:card\" content=\"summary_large_image\" \/>\n<meta name=\"twitter:label1\" content=\"Gesch\u00e4tzte Lesezeit\" \/>\n\t<meta name=\"twitter:data1\" content=\"1 Minute\" \/>\n<script type=\"application\/ld+json\" class=\"yoast-schema-graph\">{\"@context\":\"https:\/\/schema.org\",\"@graph\":[{\"@type\":\"Organization\",\"@id\":\"https:\/\/www.og-bruchertseifen.de\/#organization\",\"name\":\"Ortsgemeinde Bruchertsifen\",\"url\":\"https:\/\/www.og-bruchertseifen.de\/\",\"sameAs\":[\"https:\/\/de.wikipedia.org\/wiki\/Bruchertseifen\"],\"logo\":{\"@type\":\"ImageObject\",\"@id\":\"https:\/\/www.og-bruchertseifen.de\/#logo\",\"inLanguage\":\"de-DE\",\"url\":\"https:\/\/www.og-bruchertseifen.de\/wp-content\/uploads\/2016\/10\/cropped-wappen_bruchertseifen-1.jpg\",\"contentUrl\":\"https:\/\/www.og-bruchertseifen.de\/wp-content\/uploads\/2016\/10\/cropped-wappen_bruchertseifen-1.jpg\",\"width\":400,\"height\":471,\"caption\":\"Ortsgemeinde Bruchertsifen\"},\"image\":{\"@id\":\"https:\/\/www.og-bruchertseifen.de\/#logo\"}},{\"@type\":\"WebSite\",\"@id\":\"https:\/\/www.og-bruchertseifen.de\/#website\",\"url\":\"https:\/\/www.og-bruchertseifen.de\/\",\"name\":\"Ortsgemeinde Bruchertseifen\",\"description\":\"Kreis Altenkirchen\",\"publisher\":{\"@id\":\"https:\/\/www.og-bruchertseifen.de\/#organization\"},\"potentialAction\":[{\"@type\":\"SearchAction\",\"target\":\"https:\/\/www.og-bruchertseifen.de\/?s={search_term_string}\",\"query-input\":\"required name=search_term_string\"}],\"inLanguage\":\"de-DE\"},{\"@type\":\"ImageObject\",\"@id\":\"https:\/\/www.og-bruchertseifen.de\/#primaryimage\",\"inLanguage\":\"de-DE\",\"url\":\"https:\/\/www.og-bruchertseifen.de\/wp-content\/uploads\/2022\/06\/1x1xwhite-1.png\",\"contentUrl\":\"https:\/\/www.og-bruchertseifen.de\/wp-content\/uploads\/2022\/06\/1x1xwhite-1.png\",\"width\":1,\"height\":1},{\"@type\":\"WebPage\",\"@id\":\"https:\/\/www.og-bruchertseifen.de\/#webpage\",\"url\":\"https:\/\/www.og-bruchertseifen.de\/\",\"name\":\"Herzlich Willkommen in der Ortsgemeinde Bruchertseifen! &ndash; Ortsgemeinde Bruchertseifen\",\"isPartOf\":{\"@id\":\"https:\/\/www.og-bruchertseifen.de\/#website\"},\"primaryImageOfPage\":{\"@id\":\"https:\/\/www.og-bruchertseifen.de\/#primaryimage\"},\"datePublished\":\"2016-09-16T12:20:53+00:00\",\"dateModified\":\"2022-10-18T09:05:25+00:00\",\"breadcrumb\":{\"@id\":\"https:\/\/www.og-bruchertseifen.de\/#breadcrumb\"},\"inLanguage\":\"de-DE\",\"potentialAction\":[{\"@type\":\"ReadAction\",\"target\":[\"https:\/\/www.og-bruchertseifen.de\/\"]}]},{\"@type\":\"BreadcrumbList\",\"@id\":\"https:\/\/www.og-bruchertseifen.de\/#breadcrumb\",\"itemListElement\":[{\"@type\":\"ListItem\",\"position\":1,\"item\":{\"@type\":\"WebPage\",\"@id\":\"https:\/\/www.og-bruchertseifen.de\/\",\"url\":\"https:\/\/www.og-bruchertseifen.de\/\",\"name\":\"Startseite\"}},{\"@type\":\"ListItem\",\"position\":2,\"item\":{\"@type\":\"WebPage\",\"@id\":\"https:\/\/www.og-bruchertseifen.de\/?page_id=42\",\"url\":\"https:\/\/www.og-bruchertseifen.de\/?page_id=42\",\"name\":\"Home\"}},{\"@type\":\"ListItem\",\"position\":3,\"item\":{\"@id\":\"https:\/\/www.og-bruchertseifen.de\/#webpage\"}}]}]}<\/script>\n<!-- \/ Yoast SEO plugin. -->","_links":{"self":[{"href":"https:\/\/www.og-bruchertseifen.de\/index.php?rest_route=\/wp\/v2\/pages\/5"}],"collection":[{"href":"https:\/\/www.og-bruchertseifen.de\/index.php?rest_route=\/wp\/v2\/pages"}],"about":[{"href":"https:\/\/www.og-bruchertseifen.de\/index.php?rest_route=\/wp\/v2\/types\/page"}],"author":[{"embeddable":true,"href":"https:\/\/www.og-bruchertseifen.de\/index.php?rest_route=\/wp\/v2\/users\/1"}],"replies":[{"embeddable":true,"href":"https:\/\/www.og-bruchertseifen.de\/index.php?rest_route=%2Fwp%2Fv2%2Fcomments&post=5"}],"version-history":[{"count":28,"href":"https:\/\/www.og-bruchertseifen.de\/index.php?rest_route=\/wp\/v2\/pages\/5\/revisions"}],"predecessor-version":[{"id":401,"href":"https:\/\/www.og-bruchertseifen.de\/index.php?rest_route=\/wp\/v2\/pages\/5\/revisions\/401"}],"up":[{"embeddable":true,"href":"https:\/\/www.og-bruchertseifen.de\/index.php?rest_route=\/wp\/v2\/pages\/42"}],"wp:featuredmedia":[{"embeddable":true,"href":"https:\/\/www.og-bruchertseifen.de\/index.php?rest_route=\/wp\/v2\/media\/393"}],"wp:attachment":[{"href":"https:\/\/www.og-bruchertseifen.de\/index.php?rest_route=%2Fwp%2Fv2%2Fmedia&parent=5"}],"curies":[{"name":"wp","href":"https:\/\/api.w.org\/{rel}","templated":true}]}}